11 - ((-36 - -3) + 1 + 4)).
29
Evaluate -43 + 28 + -43 + 46.
-12
What is 16 + (-26 - -18) - -1 - (13 - 6 - 2)?
4
-30 + 0 + -407 + 418 + 39
20
Calculate -53 + -25 + 89 + 19.
30
Evaluate 1 - -21 - (260 - (20 + 262)).
44
What is the value of (-18 - -31 - 35) + 17?
-5
Evaluate 23 + (-32 - 37) - -64.
18
3 + -1 - (17 - (35 - 8) - (-3 + -4))
5
Calculate (-4 + 4 - 73) + 2632 + -2629.
-70
What is 10 + 10 + -1 + -10 + -2 - (38 - -3)?
-34
Calculate 24 - (52 - -28) - (-8 - -4 - (4 + 1)).
-47
What is 14 + -32 + -7 + (13 - -18) - (-1 - 35)?
42
What is the value of 13 + -54 + (-8 + 16 - 8 - 7)?
-48
What is -17 - (-11 + (-6 - -5) - (59 + -3))?
51
Calculate -4 - -1 - (124 + -82 + 11 + -1).
-55
42 - 31 - (3 + -2 + 5)
5
(-208 + 204 - (1 + -17)) + 34
46
What is the value of (-205 - -11 - -100) + 202?
108
1 + -65 - (34 + -24 - 23)
-51
6 + 114 + -6 + (343 - 353)
104
What is the value of 9 + -11 + -85 + 84?
-3
What is the value of 11 + -1 - -6 - (-16 - (44 - 64))?
12
Evaluate 26 - (139 - 17) - -40.
-56
What is 5 + -19 + (33 - 2) - -12?
29
What is 7 - (-20 - (37 - 99))?
-35
What is -57 + 33 + -38 - -46?
-16
What is the value of 1 + 17 + (33 - 38 - -37) + -39?
11
Calculate 142 + 303 + -458 + (14 + -1 - (1 - -1)).
-2
Calculate (8 - (-3 - -12) - 10) + -44 + 6.
-49
What is the value of (-24 - -1) + (8 - -2 - (-38 + (12 - -28)))?
-15
Evaluate (4 - -2) + -13 + (17 + -2 - 16).
-8
Evaluate -6 + (20 - (7 - 1)) + (-10 + 10 - -26).
34
What is -40 + 36 + 24 - (7 - (-1 + 4))?
16
-10 - -2 - -33 - (12 - 11)
24
What is the value of -46 - 29 - 10 - -12 - (2 + -16)?
-59
Calculate (-48 - -54) + (-11 + 0 - -21).
16
Evaluate -27135 + 26971 - (-35 - 1).
-128
What is 34 + (-85 - (-3 + -9 + -14))?
-25
Calculate 3 - (-3 + (25 - 29 - 10)).
20
98 + -28 + -39 + -3
28
Calculate 85 + 12 - -9 - (-3 - (13 + -12)).
110
(13 - 2 - 19) + (-33 - 17) + (0 - 1)
-59
What is the value of 73 - (85 - 25 - 6)?
19
(9 - 0) + (8 - -5 - (-8 + 26))
4
What is the value of (-53 + 91 - 40) + (1 - -22)?
21
Evaluate 0 + (-3 + (0 - -3) - -50) + -83 + 81.
48
What is 5 + (-4 + 1 + -2 - (104 + -77 + -64))?
37
(-2 - -4) + -1 - (591 + -444)
-146
What is the value of -20 - ((-68 - (19 + -25)) + -27)?
69
37 - ((-33 - -19) + 60) - 20
-29
Calculate (2 - 44) + 4 + (-20 - (-10 + (15 - 17))).
-46
Evaluate 4 + (2 - 14) + (50 - ((16 - 19) + 23)).
22
331 - 319 - (32 - -1 - -4 - 4)
-21
What is the value of -56 - (-101 + -35 + 59)?
21
What is the value of -53 - ((1 - (-9 - -27) - -31) + -6)?
-61
16 - (-35 - -62) - (59 + -1 + 0) - -6
-63
Evaluate (8 - (2 + -6)) + (21 - -1).
34
(-65 + 361 - 223) + (-17 - 2)
54
Evaluate -23 + -9 + -159 + 199.
8
Calculate -80 + 83 + (-1 - 9) - (-84 - -115).
-38
What is the value of 7 - (85 + -82) - (48 + 1)?
-45
(-30 - -52 - -7) + -7
22
-44 - (-62 + 38) - 41
-61
What is -126 + (30 - (14 - (13 + -12)))?
-109
What is the value of -9 - (7 - (10 - 8) - 10) - (-2 + 31)?
-33
What is 2 + (-19 - (9 - (19 - 0))) - (36 + -164)?
121
Calculate (48 - -17) + (-27 + 15 + 12 - -16).
81
77 - (11 + -1 + 1 - 25 - -4 - -12)
75
What is the value of (-10 - (6 - ((4 - 13) + 22))) + 78?
75
Calculate 19 + ((70 - 11) + (22 - 23) - -1).
78
Evaluate -23 + 78 + -21 + (9 - -3).
46
What is the value of (5 - 0 - (-4 + 8 - 8)) + 522 + -521?
10
What is the value of (-5 - (140 - 155 - (-8 - -1))) + 51 + -3?
51
Evaluate (31 - -48 - 87) + (-3 - -1) + 8 + -52.
-54
Evaluate (1 + 35 - -1) + -462 + 455.
30
Evaluate 22 + (-3 + 55 - 35 - 28).
11
Calculate -8 + (-7 - 33) + -81 - -42.
-87
What is the value of 13 - (-1 + -1 - -3) - (-61 + 109 - 3)?
-33
Evaluate 49 - (-30 + -28 + 94) - 2.
11
What is 22 - (-1 - -4) - ((-63 - -84) + -7)?
5
What is (-14 - (-1 - (-8 - -18))) + (1 - -33)?
31
What is the value of (0 - 1) + 92 + (-13 - 72)?
6
What is the value of -4 - (69 - (314 + -316 + (-8 - -1)))?
-82
What is the value of -1106 + 1160 + -90 + 3?
-33
Calculate (-1 - 71) + (-11 - (0 - 41) - 14).
-56
What is the value of -32 - (105 - (9 - -65))?
-63
(-36 - 25 - -5) + 118
62
-10 + (-27 - -27) + (0 + -11 - (0 + 2))
-23
Calculate 445 - 399 - (-2 + 62).
-14
Calculate 16 - (-24 + (-22 - -52)).
10
What is the value of -33 + (36 - -86 - 141)?
-52
Calculate -463 + 476 + (-11 - 2 - 0).
0
Evaluate (-16 + 4 - (-40 + 12 + 6)) + -17 + -3.
-10
(36 - 51 - 9) + -1 + -8
-33
Evaluate (803 - 785) + 1 + -33 + -4.
-18
What is 166 - (0 - -98 - 36 - 19)?
123
What is -37 - (42 - 70) - (2 + (-23 - (3 + -3)))?
12
Evaluate (133 - (184 - 149)) + -95.
3
-9 + (-4 - 1 - (-14 + -4 + 9))
-5
(29 + -25 - 11) + (5 + 83 + 1 - 3)
79
Calculate 2 + -83 - (-631 - -606).
-56
Calculate (-90 - -8) + (-641 - -719).
-4
What is the value of (8 - 8) + (-14 - (15 + -8)) + 4?
-17
Evaluate -5 + -6 - (-11 + 32 + -35) - -16.
19
-313 - -359 - (-11 + 77)
-20
Calculate -197 + 115 + (-100 - -127).
-55
Calculate (0 - 11) + 71 - (2 - -18 - 13).
53
Evaluate 12 + (-102 + 31 - -76).
17
What is -7 + 17 - (-33 + 54) - (-2 + -5)?
-4
What is 2 - (1 + -6 + (45 - 5 - -4))?
-37
What is (72 - 59) + (0 + -3 - (-22 + 8))?
24
What is 3 + 0 + (32 - 3 - ((-21 - 57) + 154))?
-44
Calculate (-1 - 15) + 44 - 2 - 58.
-32
Calculate -1 + -12 + -28 + (-65 - -113).
7
Calculate 5 + (-26 - -18) + 22 - -11.
30
-67 - (-111 - -42) - (12 - (1 + -2))
-11
Calculate 6 - (-6 + (6 + -19 - 45) + -6).
76
What is (-11 - ((-8 - -2) + (-21 - -17))) + 59 + 0?
58
What is -141 + -165 + 23 + 219?
-64
Calculate (6 - (2 + 5 + -3)) + -71 - (65 - 75).
-59
Evaluate 7 - (-27 + 11 - -31) - (1 + -78 - -5).
64
Evaluate -77 + (21 - 21) + 42.
-35
71 - (93 + 83 + -44)
-61
Calculate 0 + (-13 - -2) - ((60 - 54) + -7 + 0).
-10
-18 - (32 + -32 + 26 + -32)
-12
Evaluate (15 - -9) + (9 + -13 - 0 - 5).
15
What is the value of 0 + 0 + -15 + (-66 - -73) + 97?
89
What is the value of 2159 + -2096 + (-23 - 0)?
40
What is the value of (1 - -31) + (94 - (197 - 68))?
-3
Calculate (-47 - -56) + -16 + -22.
-29
Calculate (-83 - (2 + -44)) + -4 + 0 + 2 + -3.
-46
(0 - -2) + 1 + (12 - ((17 - 29) + 15))
12
Evaluate 1 + -10 - (19 + (30 - -1) - 33).
-26
What is the value of 0 + (1 - -21 - (42 - 4 - 25))?
9
Calculate 2 + 1 - (6 + 6 + 9 - 49 - 21).
52
14 + -7 - 15 - ((2 - -23) + (6 - -2))
-41
What is 22 - (8 + -1 - -7 - (20 + -15 + 17))?
30
Evaluate -1 + -26 - (-5839 + 5766).
46
Calculate 61 - (-3 - (2 + 5) - (26 + -47)).
50
What is the value of -27 + -22 + 99 + -117?
-67
Evaluate 8 - (54 - (-6 + -63 + 48 + (0 - -11))).
-56
Calculate 7 - (0 + 6) - (39 + -37).
-1
44 + -13 - (201 - 180)
10
3 - (-8 - -61 - ((-11 - -14 - -4) + 0))
-43
What is the value of -8 + 5 + 6 - ((-86 - 5) + 2)?
92
What is -64 - (-116 + 32 - -77)?
-57
5 - (83 + (-19 - 35))
-24
-6 + 19 + -4 - 14 - 14
-19
What is the value of 49 + -101 + (-5 - 2)?
-59
90 + (31 - 55) - -14
80
Calculate 1 + 68 + -747 + 666.
-12
What is the value of (-25 - (2 + -2)) + (-60 - (47 + -102))?
-30
59 + (20 + 1 - -63 - 44)
99
What is -4 + (-3 - (-7 + 4 + (5 - (2 + 10))))?
3
What is the value of 60 - (108 + -31 + -67)?
50
88 + -100 + 16 + -1 + -3 + 30
30
Evaluate 30 + 9 - ((9 + -9 - -12) + -19).
46
Calculate -9 - (0 + 26 - 99) - (-4 + -1) - -1.
70
What is 20 + 1 + -7 + (13 - 2 - -6)?
31
What is the value of 1522 + -1558 + 1 + 54?
19
What is (-242 - -306) + (-194 - 9)?
-139
-452 + 316 + (-7 - -57)
-86
-3 + (2 - (-10 + -1)) - (-28 + (87 - 7))
-42
Evaluate (-65 - -3) + -5 - (17 - (38 - 14)).
-60
What is -14 - (-71 - -164 - 12)?
-95
What is -102 - (-6 + 16 + 1 + 4 + (11 - 28))?
-100
What is -133 + 65 + -14 - -90?
8
Calculate -63 + -9 + 48 - 10.
-34
What is the value of (-19 - 1) + (79 - (-62 + 29 + -25))?
117
What is (-12 - 26 - (-9 - 0)) + 13 - -11?
-5
Calculate 41 - 22 - (32 - 5) - -60.
52
Evaluate (20 - (3 + 13)) + (0 - 41).
-37
What is (-13 + 5 - (-54 - -2)) + -17?
27
What is the value of 22 + -31 + 13 + (81 - (1 - 6) - 6)?
84
What is 4 + 1 + (8 - 29)?
-16
Calculate 9 + (-1 - 33) + (-792 - -769).
-48
Calculate (-134 - 0) + -1 + -27 + 4 + 103 + -65.
-120
Evaluate (24 - (-16 + -11)) + -36 + 32.
47
Evaluate -980 + 974 + (2 + -117 - 1) + 18.
-104
What is -6 + -1 + 3 - (3 + -6 + (11 - -2))?
-14
(24 - 17) + -2 + 1 + -74 + -5 + 23
-50
4 - 28 - (25 + -40) - -5
-4
What is (-1 + 74 - -6) + -22?
57
What is the value of (-12 - (-14 - -4 - -4 - 4 - -2)) + -30?
-34
What is (111 - -92) + -171 - (-1 - -104)?
-71
What is the value of 19 + 45 - 64 - ((0 - -4 - 1) + 59)?
-6